{"id":1913,"date":"2022-03-24T12:14:18","date_gmt":"2022-03-24T16:14:18","guid":{"rendered":"https:\/\/sdb.bo\/sdb\/?page_id=1913"},"modified":"2022-03-24T12:19:58","modified_gmt":"2022-03-24T16:19:58","slug":"ofprobol","status":"publish","type":"page","link":"https:\/\/sdb.bo\/sdb\/ofprobol\/","title":{"rendered":"OFPROBOL"},"content":{"rendered":"\t\t<div data-elementor-type=\"wp-page\" data-elementor-id=\"1913\" class=\"elementor elementor-1913\" data-elementor-post-type=\"page\">\n\t\t\t\t\t\t<section class=\"elementor-section elementor-top-section elementor-element elementor-element-fc0aab9 elementor-section-boxed elementor-section-height-default elementor-section-height-default\" data-id=\"fc0aab9\" data-element_type=\"section\" data-settings=\"{&quot;background_background&quot;:&quot;classic&quot;}\">\n\t\t\t\t\t\t\t<div class=\"elementor-background-overlay\"><\/div>\n\t\t\t\t\t\t\t<div class=\"elementor-container elementor-column-gap-default\">\n\t\t\t\t\t<div class=\"elementor-column elementor-col-100 elementor-top-column elementor-element elementor-element-4bd407b\" data-id=\"4bd407b\" data-element_type=\"column\">\n\t\t\t<div class=\"elementor-widget-wrap elementor-element-populated\">\n\t\t\t\t\t\t<div class=\"elementor-element elementor-element-eaeaaf7 elementor-widget elementor-widget-heading\" data-id=\"eaeaaf7\" data-element_type=\"widget\" data-widget_type=\"heading.default\">\n\t\t\t\t<div class=\"elementor-widget-container\">\n\t\t\t\t\t<h1 class=\"elementor-heading-title elementor-size-default\">OFPROBOL<\/h1>\t\t\t\t<\/div>\n\t\t\t\t<\/div>\n\t\t\t\t\t<\/div>\n\t\t<\/div>\n\t\t\t\t\t<\/div>\n\t\t<\/section>\n\t\t\t\t<section class=\"elementor-section elementor-top-section elementor-element elementor-element-8de704d elementor-section-boxed elementor-section-height-default elementor-section-height-default\" data-id=\"8de704d\" data-element_type=\"section\" data-settings=\"{&quot;background_background&quot;:&quot;classic&quot;}\">\n\t\t\t\t\t\t\t<div class=\"elementor-background-overlay\"><\/div>\n\t\t\t\t\t\t\t<div class=\"elementor-container elementor-column-gap-wider\">\n\t\t\t\t\t<div class=\"elementor-column elementor-col-100 elementor-top-column elementor-element elementor-element-9f8d0c0\" data-id=\"9f8d0c0\" data-element_type=\"column\">\n\t\t\t<div class=\"elementor-widget-wrap elementor-element-populated\">\n\t\t\t\t\t\t<div class=\"elementor-element elementor-element-b7d9004 elementor-widget elementor-widget-text-editor\" data-id=\"b7d9004\" data-element_type=\"widget\" data-widget_type=\"text-editor.default\">\n\t\t\t\t<div class=\"elementor-widget-container\">\n\t\t\t\t\t\t\t\t\t<p>A partir del a\u00f1o 2002, la ardua labor de los salesianos por el desarrollo se atiende a trav\u00e9s de la Oficina de Proyectos para Bolivia (OFPROBOL), Organizaci\u00f3n No Gubernamental (ONG) conformada el a\u00f1o 2002, con el fin de asistir y coordinar las acciones de desarrollo de los salesianos de Don Bosco a trav\u00e9s de proyectos de desarrollo, en concordancia con los principios y valores de la Inspector\u00eda Salesiana en Bolivia.<\/p><p>El rol fundamental de OFPROBOL es el de coordinar, asesorar y evaluar los procesos de planificaci\u00f3n y gesti\u00f3n de proyectos de desarrollo de los Salesianos en Bolivia. Para ello, las principales actividades que desarrollamos son:<\/p><ul><li>Identificar las necesidades de desarrollo en el \u00e1rea de influencias de las obras salesianas.<\/li><li>Formular propuestas de proyectos y gestionar recursos econ\u00f3micos con el soporte de la red de ONG\u00b4s salesianas (Don Bosco Network).<\/li><li>Capacitar a los socios locales en la gesti\u00f3n de proyectos y en planificaci\u00f3n estrat\u00e9gica.<\/li><li>Acompa\u00f1ar el desarrollo de los proyectos, a trav\u00e9s de procesos de seguimiento, monitoreo y evaluci\u00f3n.<\/li><li>Apoyar en la Planificaci\u00f3n Estrat\u00e9gica Inspectorial, en coordinaci\u00f3n con los estamentos respectivo.<\/li><\/ul><p>A lo largo de los a\u00f1os, OFPROBOL ha generado alianzas estrat\u00e9gicas p\u00fablicas y privadas para la implementaci\u00f3n de proyectos de desarrollo. Un factor fundamental que asegura la sostenibilidad de las intervenciones gestionadas por OFPROBOL, es la confianza ganada hacia los salesianos por parte de los beneficiarios finales en sus zonas de intervenci\u00f3n.<\/p><p>En la actualidad, OFPROBOL orienta su trabajo en el Proyecto Org\u00e1nico Inspectorial (POI), documento de referencia que le ayuda a definir las directrices de trabajo, dando respuesta a las necesidades de desarrollo de las obras salesianas.<\/p><p><strong>Misi\u00f3n:<\/strong> \u201cSomos una instituci\u00f3n sin fines de lucro que trabaja con los Salesianos de Don Bosco en Bolivia a trav\u00e9s de procesos de planificaci\u00f3n, gesti\u00f3n y captaci\u00f3n de recursos, con la finalidad de promover la inclusi\u00f3n social de ni\u00f1os, ni\u00f1as, adolescentes y j\u00f3venes en riesgo social\u201d.<\/p><p><strong>Visi\u00f3n:<\/strong> \u201cSer una instituci\u00f3n efectiva de planificaci\u00f3n y desarrollo que apoya el trabajo sostenible de los Salesianos de Don Bosco en Bolivia\u201d.<\/p><p><strong>Valores:<\/strong><\/p><ul><li><strong>Efectividad:<\/strong> (la suma de eficacia y eficiencia): Logramos resultados (eficacia) utilizando \u00f3ptimamente nuestros recursos (eficiencia).<\/li><li><strong>Creatividad y flexibilidad:<\/strong> Desarrollamos nuestro trabajo creando las mejores soluciones y adapt\u00e1ndonos a los requerimientos de \u00e9stas.<\/li><li><strong>Optimismo y alegr\u00eda:<\/strong> Sobrellevamos las dificultades confiando en la Providencia.<\/li><li><strong>Trabajo y templanza:<\/strong> Desarrollamos el trabajo cotidiano con fortaleza y constancia.<\/li><li><strong>Previsi\u00f3n:<\/strong> Planificar y revisar con anticipaci\u00f3n.<\/li><\/ul>\t\t\t\t\t\t\t\t<\/div>\n\t\t\t\t<\/div>\n\t\t\t\t<div class=\"elementor-element elementor-element-1d0989f elementor-arrows-position-inside elementor-pagination-position-outside elementor-widget elementor-widget-image-carousel\" data-id=\"1d0989f\" data-element_type=\"widget\" data-settings=\"{&quot;slides_to_show&quot;:&quot;1&quot;,&quot;navigation&quot;:&quot;both&quot;,&quot;autoplay&quot;:&quot;yes&quot;,&quot;pause_on_hover&quot;:&quot;yes&quot;,&quot;pause_on_interaction&quot;:&quot;yes&quot;,&quot;autoplay_speed&quot;:5000,&quot;infinite&quot;:&quot;yes&quot;,&quot;effect&quot;:&quot;slide&quot;,&quot;speed&quot;:500}\" data-widget_type=\"image-carousel.default\">\n\t\t\t\t<div class=\"elementor-widget-container\">\n\t\t\t\t\t\t\t<div class=\"elementor-image-carousel-wrapper swiper\" role=\"region\" aria-roledescription=\"carousel\" aria-label=\"Carrusel de Im\u00e1genes\" dir=\"ltr\">\n\t\t\t<div class=\"elementor-image-carousel swiper-wrapper\" aria-live=\"off\">\n\t\t\t\t\t\t\t\t<div class=\"swiper-slide\" role=\"group\" aria-roledescription=\"slide\" aria-label=\"1 de 4\"><a data-elementor-open-lightbox=\"yes\" data-elementor-lightbox-slideshow=\"1d0989f\" data-elementor-lightbox-title=\"184633889_10159144824992158_8668592723040526468_n\" data-e-action-hash=\"#elementor-action%3Aaction%3Dlightbox%26settings%3DeyJpZCI6MTkxMiwidXJsIjoiaHR0cHM6XC9cL3NkYi5ib1wvc2RiXC93cC1jb250ZW50XC91cGxvYWRzXC8yMDIyXC8wM1wvMTg0NjMzODg5XzEwMTU5MTQ0ODI0OTkyMTU4Xzg2Njg1OTI3MjMwNDA1MjY0Njhfbi5qcGciLCJzbGlkZXNob3ciOiIxZDA5ODlmIn0%3D\" href=\"https:\/\/sdb.bo\/sdb\/wp-content\/uploads\/2022\/03\/184633889_10159144824992158_8668592723040526468_n.jpg\"><figure class=\"swiper-slide-inner\"><img decoding=\"async\" class=\"swiper-slide-image\" src=\"https:\/\/sdb.bo\/sdb\/wp-content\/uploads\/2022\/03\/184633889_10159144824992158_8668592723040526468_n-768x576.jpg\" alt=\"184633889_10159144824992158_8668592723040526468_n\" \/><\/figure><\/a><\/div><div class=\"swiper-slide\" role=\"group\" aria-roledescription=\"slide\" aria-label=\"2 de 4\"><a data-elementor-open-lightbox=\"yes\" data-elementor-lightbox-slideshow=\"1d0989f\" data-elementor-lightbox-title=\"129571711_10158734735407158_5011568141863526180_n\" data-e-action-hash=\"#elementor-action%3Aaction%3Dlightbox%26settings%3DeyJpZCI6MTkxMSwidXJsIjoiaHR0cHM6XC9cL3NkYi5ib1wvc2RiXC93cC1jb250ZW50XC91cGxvYWRzXC8yMDIyXC8wM1wvMTI5NTcxNzExXzEwMTU4NzM0NzM1NDA3MTU4XzUwMTE1NjgxNDE4NjM1MjYxODBfbi5qcGciLCJzbGlkZXNob3ciOiIxZDA5ODlmIn0%3D\" href=\"https:\/\/sdb.bo\/sdb\/wp-content\/uploads\/2022\/03\/129571711_10158734735407158_5011568141863526180_n.jpg\"><figure class=\"swiper-slide-inner\"><img decoding=\"async\" class=\"swiper-slide-image\" src=\"https:\/\/sdb.bo\/sdb\/wp-content\/uploads\/2022\/03\/129571711_10158734735407158_5011568141863526180_n-768x576.jpg\" alt=\"129571711_10158734735407158_5011568141863526180_n\" \/><\/figure><\/a><\/div><div class=\"swiper-slide\" role=\"group\" aria-roledescription=\"slide\" aria-label=\"3 de 4\"><a data-elementor-open-lightbox=\"yes\" data-elementor-lightbox-slideshow=\"1d0989f\" data-elementor-lightbox-title=\"72480186_2536953313204312_4313685008289103872_n\" data-e-action-hash=\"#elementor-action%3Aaction%3Dlightbox%26settings%3DeyJpZCI6MTkxMCwidXJsIjoiaHR0cHM6XC9cL3NkYi5ib1wvc2RiXC93cC1jb250ZW50XC91cGxvYWRzXC8yMDIyXC8wM1wvNzI0ODAxODZfMjUzNjk1MzMxMzIwNDMxMl80MzEzNjg1MDA4Mjg5MTAzODcyX24uanBnIiwic2xpZGVzaG93IjoiMWQwOTg5ZiJ9\" href=\"https:\/\/sdb.bo\/sdb\/wp-content\/uploads\/2022\/03\/72480186_2536953313204312_4313685008289103872_n.jpg\"><figure class=\"swiper-slide-inner\"><img decoding=\"async\" class=\"swiper-slide-image\" src=\"https:\/\/sdb.bo\/sdb\/wp-content\/uploads\/2022\/03\/72480186_2536953313204312_4313685008289103872_n-768x512.jpg\" alt=\"72480186_2536953313204312_4313685008289103872_n\" \/><\/figure><\/a><\/div><div class=\"swiper-slide\" role=\"group\" aria-roledescription=\"slide\" aria-label=\"4 de 4\"><a data-elementor-open-lightbox=\"yes\" data-elementor-lightbox-slideshow=\"1d0989f\" data-elementor-lightbox-title=\"241434716_3124079534491684_5709765217617520308_n\" data-e-action-hash=\"#elementor-action%3Aaction%3Dlightbox%26settings%3DeyJpZCI6MTkwOSwidXJsIjoiaHR0cHM6XC9cL3NkYi5ib1wvc2RiXC93cC1jb250ZW50XC91cGxvYWRzXC8yMDIyXC8wM1wvMjQxNDM0NzE2XzMxMjQwNzk1MzQ0OTE2ODRfNTcwOTc2NTIxNzYxNzUyMDMwOF9uLmpwZyIsInNsaWRlc2hvdyI6IjFkMDk4OWYifQ%3D%3D\" href=\"https:\/\/sdb.bo\/sdb\/wp-content\/uploads\/2022\/03\/241434716_3124079534491684_5709765217617520308_n.jpg\"><figure class=\"swiper-slide-inner\"><img decoding=\"async\" class=\"swiper-slide-image\" src=\"https:\/\/sdb.bo\/sdb\/wp-content\/uploads\/2022\/03\/241434716_3124079534491684_5709765217617520308_n-768x532.jpg\" alt=\"241434716_3124079534491684_5709765217617520308_n\" \/><\/figure><\/a><\/div>\t\t\t<\/div>\n\t\t\t\t\t\t\t\t\t\t\t\t<div class=\"elementor-swiper-button elementor-swiper-button-prev\" role=\"button\" tabindex=\"0\">\n\t\t\t\t\t\t<i aria-hidden=\"true\" class=\"eicon-chevron-left\"><\/i>\t\t\t\t\t<\/div>\n\t\t\t\t\t<div class=\"elementor-swiper-button elementor-swiper-button-next\" role=\"button\" tabindex=\"0\">\n\t\t\t\t\t\t<i aria-hidden=\"true\" class=\"eicon-chevron-right\"><\/i>\t\t\t\t\t<\/div>\n\t\t\t\t\n\t\t\t\t\t\t\t\t\t<div class=\"swiper-pagination\"><\/div>\n\t\t\t\t\t\t\t\t\t<\/div>\n\t\t\t\t\t\t<\/div>\n\t\t\t\t<\/div>\n\t\t\t\t\t<\/div>\n\t\t<\/div>\n\t\t\t\t\t<\/div>\n\t\t<\/section>\n\t\t\t\t<\/div>\n\t\t","protected":false},"excerpt":{"rendered":"<p>OFPROBOL A partir del a\u00f1o 2002, la ardua labor de los salesianos por el desarrollo se atiende a trav\u00e9s de la Oficina de Proyectos para Bolivia (OFPROBOL), Organizaci\u00f3n No Gubernamental (ONG) conformada el a\u00f1o 2002, con el fin de asistir y coordinar las acciones de desarrollo de los salesianos de Don Bosco a trav\u00e9s de [&hellip;]<\/p>\n<div class=\"pvc_clear\"><\/div>\n<p class=\"pvc_stats all \" data-element-id=\"1913\" style=\"\"><i class=\"pvc-stats-icon medium\" aria-hidden=\"true\"><svg aria-hidden=\"true\" focusable=\"false\" data-prefix=\"far\" data-icon=\"chart-bar\" role=\"img\" xmlns=\"http:\/\/www.w3.org\/2000\/svg\" viewBox=\"0 0 512 512\" class=\"svg-inline--fa fa-chart-bar fa-w-16 fa-2x\"><path fill=\"currentColor\" d=\"M396.8 352h22.4c6.4 0 12.8-6.4 12.8-12.8V108.8c0-6.4-6.4-12.8-12.8-12.8h-22.4c-6.4 0-12.8 6.4-12.8 12.8v230.4c0 6.4 6.4 12.8 12.8 12.8zm-192 0h22.4c6.4 0 12.8-6.4 12.8-12.8V140.8c0-6.4-6.4-12.8-12.8-12.8h-22.4c-6.4 0-12.8 6.4-12.8 12.8v198.4c0 6.4 6.4 12.8 12.8 12.8zm96 0h22.4c6.4 0 12.8-6.4 12.8-12.8V204.8c0-6.4-6.4-12.8-12.8-12.8h-22.4c-6.4 0-12.8 6.4-12.8 12.8v134.4c0 6.4 6.4 12.8 12.8 12.8zM496 400H48V80c0-8.84-7.16-16-16-16H16C7.16 64 0 71.16 0 80v336c0 17.67 14.33 32 32 32h464c8.84 0 16-7.16 16-16v-16c0-8.84-7.16-16-16-16zm-387.2-48h22.4c6.4 0 12.8-6.4 12.8-12.8v-70.4c0-6.4-6.4-12.8-12.8-12.8h-22.4c-6.4 0-12.8 6.4-12.8 12.8v70.4c0 6.4 6.4 12.8 12.8 12.8z\" class=\"\"><\/path><\/svg><\/i> Total de visitas&nbsp;5,867&nbsp;, visitas hoy&nbsp;3&nbsp;<\/p>\n<div class=\"pvc_clear\"><\/div>\n","protected":false},"author":3,"featured_media":0,"parent":0,"menu_order":0,"comment_status":"closed","ping_status":"closed","template":"","meta":{"mapsvg_location":"","footnotes":""},"class_list":["post-1913","page","type-page","status-publish","hentry"],"jetpack_sharing_enabled":true,"_links":{"self":[{"href":"https:\/\/sdb.bo\/sdb\/wp-json\/wp\/v2\/pages\/1913","targetHints":{"allow":["GET"]}}],"collection":[{"href":"https:\/\/sdb.bo\/sdb\/wp-json\/wp\/v2\/pages"}],"about":[{"href":"https:\/\/sdb.bo\/sdb\/wp-json\/wp\/v2\/types\/page"}],"author":[{"embeddable":true,"href":"https:\/\/sdb.bo\/sdb\/wp-json\/wp\/v2\/users\/3"}],"replies":[{"embeddable":true,"href":"https:\/\/sdb.bo\/sdb\/wp-json\/wp\/v2\/comments?post=1913"}],"version-history":[{"count":6,"href":"https:\/\/sdb.bo\/sdb\/wp-json\/wp\/v2\/pages\/1913\/revisions"}],"predecessor-version":[{"id":1919,"href":"https:\/\/sdb.bo\/sdb\/wp-json\/wp\/v2\/pages\/1913\/revisions\/1919"}],"wp:attachment":[{"href":"https:\/\/sdb.bo\/sdb\/wp-json\/wp\/v2\/media?parent=1913"}],"curies":[{"name":"wp","href":"https:\/\/api.w.org\/{rel}","templated":true}]}}